divided by 22084?
1562
What is the remainder when 12009 is divided by 5996?
17
What is the remainder when 5914262 is divided by 347?
341
What is the remainder when 13284892 is divided by 2656978?
2
What is the remainder when 220687104 is divided by 187?
176
What is the remainder when 59649 is divided by 369?
240
Calculate the remainder when 69914 is divided by 34470.
974
Calculate the remainder when 1142413 is divided by 571152.
109
Calculate the remainder when 87912 is divided by 2526.
2028
What is the remainder when 244259 is divided by 2725?
1734
What is the remainder when 41022 is divided by 920?
542
Calculate the remainder when 4314580 is divided by 149.
136
What is the remainder when 2205321 is divided by 3757?
3719
What is the remainder when 5622251 is divided by 138?
131
Calculate the remainder when 1054538 is divided by 9.
8
Calculate the remainder when 7738843 is divided by 37567.
41
What is the remainder when 1405627 is divided by 476?
475
Calculate the remainder when 147755428 is divided by 2155.
8
What is the remainder when 7495 is divided by 222?
169
What is the remainder when 114964 is divided by 3190?
124
What is the remainder when 318833433 is divided by 2973?
2967
What is the remainder when 1715869 is divided by 2?
1
What is the remainder when 138715198 is divided by 2080?
2078
What is the remainder when 384764 is divided by 3632?
3404
What is the remainder when 3086185 is divided by 479?
467
What is the remainder when 2423409 is divided by 23080?
9
Calculate the remainder when 90399044 is divided by 344.
316
Calculate the remainder when 34384823 is divided by 8596177.
115
What is the remainder when 79876 is divided by 4177?
513
What is the remainder when 271048 is divided by 308?
8
Calculate the remainder when 1680287 is divided by 176.
15
What is the remainder when 574390689 is divided by 18?
15
Calculate the remainder when 18590981 is divided by 5708.
25
Calculate the remainder when 1156857 is divided by 4645.
252
Calculate the remainder when 29208748 is divided by 35.
23
Calculate the remainder when 2116511 is divided by 29.
4
Calculate the remainder when 18715890 is divided by 49.
46
Calculate the remainder when 1603355 is divided by 9.
5
Calculate the remainder when 2577682 is divided by 3984.
34
Calculate the remainder when 168825771 is divided by 5194.
5189
What is the remainder when 254918 is divided by 162?
92
Calculate the remainder when 2517782 is divided by 69937.
50
Calculate the remainder when 1022758 is divided by 2881.
3
Calculate the remainder when 612014 is divided by 1354.
6
What is the remainder when 665227 is divided by 665177?
50
What is the remainder when 1518846 is divided by 1337?
14
What is the remainder when 720325 is divided by 363?
133
What is the remainder when 148983 is divided by 2423?
1180
Calculate the remainder when 325245 is divided by 26974.
1557
Calculate the remainder when 1214155739 is divided by 9546.
9545
What is the remainder when 8822 is divided by 352?
22
What is the remainder when 767516 is divided by 153489?
71
What is the remainder when 1383846 is divided by 2611?
16
What is the remainder when 574746823 is divided by 6618?
6613
Calculate the remainder when 349288 is divided by 218.
52
Calculate the remainder when 2047734 is divided by 1023813.
108
Calculate the remainder when 178375 is divided by 4937.
643
What is the remainder when 1789517 is divided by 298244?
53
Calculate the remainder when 144705 is divided by 186.
183
Calculate the remainder when 100035 is divided by 49450.
1135
Calculate the remainder when 11476495 is divided by 59.
51
Calculate the remainder when 57433 is divided by 1145.
183
What is the remainder when 522732 is divided by 2033?
251
Calculate the remainder when 338445 is divided by 316.
9
What is the remainder when 7980913 is divided by 89?
16
Calculate the remainder when 5328656 is divided by 1754.
4
Calculate the remainder when 72144697 is divided by 3367.
3355
Calculate the remainder when 1117561 is divided by 558468.
625
What is the remainder when 3244647 is divided by 24034?
57
Calculate the remainder when 25099333 is divided by 445.
443
Calculate the remainder when 119982 is divided by 19997.
0
What is the remainder when 1079902 is divided by 11738?
6
Calculate the remainder when 88536175 is divided by 2037.
7
Calculate the remainder when 83959 is divided by 1275.
1084
What is the remainder when 1062281 is divided by 36628?
69
Calculate the remainder when 66754536 is divided by 1272.
1248
Calculate the remainder when 709464 is divided by 709401.
63
Calculate the remainder when 38899 is divided by 17784.
3331
Calculate the remainder when 3730706 is divided by 1243568.
2
What is the remainder when 53724245 is divided by 19?
16
Calculate the remainder when 1762558 is divided by 5817.
7
Calculate the remainder when 121433 is divided by 3789.
185
Calculate the remainder when 258530 is divided by 15.
5
Calculate the remainder when 22628316 is divided by 200250.
66
What is the remainder when 103413310 is divided by 1416?
1414
Calculate the remainder when 27610 is divided by 3440.
90
What is the remainder when 292223589 is divided by 292223578?
11
What is the remainder when 1144115 is divided by 143007?
59
Calculate the remainder when 2228064 is divided by 678.
156
What is the remainder when 32565018 is divided by 262?
252
Calculate the remainder when 57560 is divided by 1491.
902
Calculate the remainder when 43758 is divided by 10657.
1130
What is the remainder when 4843147 is divided by 220143?
1
What is the remainder when 545073164 is divided by 63?
62
Calculate the remainder when 63049 is divided by 62359.
690
What is the remainder when 3988623 is divided by 319?
166
What is the remainder when 8028 is divided by 2648?
84
Calculate the remainder when 49918595 is divided by 34.
33
What is the remainder when 709898 is divided by 155?
153
Calculate the remainder when 842107302 is divided by 19.
18
What is the remainder when 70221 is divided by 2005?
46
Calculate the remainder when 876958 is divided by 3594.
22
What is the remainder when 38338 is divided by 9189?
1582
What is the remainder when 40388 is divided by 39134?
1254
Calculate the remainder when 4429984 is divided by 1803.
13
What is the remainder when 361387 is divided by 88?
59
Calculate the remainder when 1709077 is divided by 20.
17
Calculate the remainder when 12664104 is divided by 615.
24
What is the remainder when 12637738 is divided by 607?
605
What is the remainder when 16726497 is divided by 1125?
1122
Calculate the remainder when 824619 is divided by 58901.
5
Calculate the remainder when 56187 is divided by 1479.
1464
What is the remainder when 158327 is divided by 683?
554
Calculate the remainder when 1861152 is divided by 5623.
5562
What is the remainder when 43325033 is divided by 283?
280
Calculate the remainder when 29268 is divided by 5799.
273
Calculate the remainder when 82388 is divided by 13696.
212
What is the remainder when 428223 is divided by 3272?
2863
What is the remainder when 23780800 is divided by 614?
580
What is the remainder when 4803062 is divided by 273?
173
What is the remainder when 8336364 is divided by 524?
48
What is the remainder when 208319 is divided by 3530?
49
Calculate the remainder when 4145450 is divided by 45553.
127
Calculate the remainder when 9631 is divided by 109.
39
Calculate the remainder when 103205 is divided by 5567.
2999
What is the remainder when 93449 is divided by 6061?
2534
What is the remainder when 173755526 is divided by 569?
565
What is the remainder when 181952 is divided by 4948?
3824
Calculate the remainder when 20861 is divided by 1098.
1097
What is the remainder when 28077 is divided by 1834?
567
Calculate the remainder when 40252 is divided by 3658.
14
What is the remainder when 2139971 is divided by 12588?
11
Calculate the remainder when 338429068 is divided by 945.
943
Calculate the remainder when 54217 is divided by 1725.
742
Calculate the remainder when 7816611 is divided by 45.
21
What is the remainder when 32362018 is divided by 269683?
58
Calculate the remainder when 1635372 is divided by 110.
2
Calculate the remainder when 117985704 is divided by 597.
594
What is the remainder when 253476 is divided by 2013?
185